 708674644?
2, 929, 190709
What are the prime factors of 96566956?
2, 701, 34439
What are the prime factors of 12286891?
12286891
What are the prime factors of 96342596?
2, 7, 3440807
What are the prime factors of 1290949342?
2, 3539, 182389
List the prime factors of 108256459.
17, 6368027
List the prime factors of 214618043.
613, 350111
What are the prime factors of 282309808?
2, 11, 31, 59, 877
What are the prime factors of 14502511?
127, 114193
List the prime factors of 3704737.
3704737
What are the prime factors of 200455703?
7, 31, 827, 1117
What are the prime factors of 165747020?
2, 5, 8287351
What are the prime factors of 57461181?
3, 359, 53353
List the prime factors of 14955093.
3, 1661677
List the prime factors of 1129470579.
3, 125496731
What are the prime factors of 57814286?
2, 1123, 25741
What are the prime factors of 135184322?
2, 7, 13, 359, 2069
What are the prime factors of 88340995?
5, 59, 347, 863
What are the prime factors of 65792506?
2, 13, 383, 6607
What are the prime factors of 838024347?
3, 307, 909907
What are the prime factors of 21081642?
2, 3, 3513607
What are the prime factors of 327040153?
11, 29730923
What are the prime factors of 49912181?
11, 179, 25349
List the prime factors of 134678029.
17, 379, 20903
What are the prime factors of 195485623?
19, 2017, 5101
What are the prime factors of 74681691?
3, 7, 3556271
What are the prime factors of 3650470865?
5, 730094173
List the prime factors of 469888216.
2, 7, 8390861
List the prime factors of 11835739.
11835739
What are the prime factors of 184857466?
2, 92428733
List the prime factors of 287081808.
2, 3, 13, 491, 937
List the prime factors of 1224614778.
2, 3, 137, 1489799
List the prime factors of 62375030.
2, 5, 6237503
List the prime factors of 2058647135.
5, 317, 1298831
List the prime factors of 65445269.
43, 1521983
What are the prime factors of 23167405?
5, 109, 42509
What are the prime factors of 661403080?
2, 5, 13, 1271929
List the prime factors of 147081300.
2, 3, 5, 490271
List the prime factors of 2404765499.
1429, 1682831
What are the prime factors of 587446140?
2, 3, 5, 1721, 5689
What are the prime factors of 49025354?
2, 7, 3501811
What are the prime factors of 48597540?
2, 3, 5, 269, 3011
What are the prime factors of 291878003?
291878003
What are the prime factors of 810262989?
3, 59, 73, 20903
List the prime factors of 448148133.
3, 863, 2137
What are the prime factors of 667045463?
7, 1049, 90841
List the prime factors of 6132056.
2, 7, 15643
List the prime factors of 1702041676.
2, 23, 59, 313567
What are the prime factors of 145704720?
2, 3, 5, 7, 86729
What are the prime factors of 552491519?
19, 29078501
What are the prime factors of 28230668?
2, 7057667
What are the prime factors of 2237923452?
2, 3, 17, 293, 37441
What are the prime factors of 179415648?
2, 3, 7691
List the prime factors of 123201309.
3, 7, 11, 29, 53, 347
What are the prime factors of 269927631?
3, 1049, 28591
List the prime factors of 283842303.
3, 41, 2307661
What are the prime factors of 7330595222?
2, 11027, 332393
List the prime factors of 131420762.
2, 11, 543061
List the prime factors of 198551782.
2, 11, 13, 47, 14771
List the prime factors of 438448142.
2, 11, 19, 1048919
List the prime factors of 47323560.
2, 3, 5, 394363
What are the prime factors of 551733455?
5, 7, 13, 37, 2521
List the prime factors of 2519529881.
11, 383, 54367
List the prime factors of 5076758448.
2, 3, 35255267
What are the prime factors of 73380052?
2, 19, 331, 2917
List the prime factors of 979416304.
2, 29, 2110811
List the prime factors of 24286822.
2, 7, 821, 2113
What are the prime factors of 6990457616?
2, 436903601
What are the prime factors of 4796714703?
3, 11, 53, 2742547
List the prime factors of 36471570.
2, 3, 5, 1215719
What are the prime factors of 733170279?
3, 244390093
What are the prime factors of 1477195186?
2, 71, 229, 45427
List the prime factors of 416372330.
2, 5, 11, 17, 222659
List the prime factors of 287627169.
3, 47, 2039909
List the prime factors of 360065649.
3, 41, 97, 103, 293
What are the prime factors of 300878332?
2, 75219583
What are the prime factors of 5640217932?
2, 3, 163, 2883547
What are the prime factors of 632675876?
2, 7, 17, 37, 35923
What are the prime factors of 3581922348?
2, 3, 4127, 24109
What are the prime factors of 261817480?
2, 5, 6545437
What are the prime factors of 2211625746?
2, 3, 11, 31, 360317
What are the prime factors of 132210677?
2551, 51827
What are the prime factors of 4069816877?
7, 29, 20048359
What are the prime factors of 56443796?
2, 37, 381377
List the prime factors of 25999375.
5, 17, 2447
What are the prime factors of 16970007?
3, 937, 6037
What are the prime factors of 49843008?
2, 3, 86533
What are the prime factors of 845897434?
2, 31, 113, 120739
List the prime factors of 702086732.
2, 829, 211727
List the prime factors of 5334581.
7, 108869
List the prime factors of 305383055.
5, 157, 389023
List the prime factors of 7514497.
467, 16091
List the prime factors of 192078489.
3, 727, 88069
List the prime factors of 80938924.
2, 11, 191, 9631
List the prime factors of 203334621.
3, 7, 41, 139, 1699
What are the prime factors of 346923526?
2, 173461763
What are the prime factors of 3052385033?
3052385033
List the prime factors of 2023516637.
157, 12888641
What are the prime factors of 80791882?
2, 97, 397, 1049
List the prime factors of 112599285.
3, 5, 31, 463, 523
What are the prime factors of 92815387?
7, 13259341
What are the prime factors of 79692270?
2, 3, 5, 7, 19, 19973
List the prime factors of 313032885.
3, 5, 11, 19, 31, 3221
List the prime factors of 1149605935.
5, 229921187
List the prime factors of 70631469.
3, 7847941
List the prime factors of 82080257.
7, 11725751
What are the prime factors of 6508475?
5, 260339
List the prime factors of 159627320.
2, 5, 937, 4259
List the prime factors of 28197160.
2, 5, 704929
List the prime factors of 60412274.
2, 13, 2323549
List the prime factors of 5297241045.
3, 5, 601, 587603
List the prime factors of 130032537.
3, 43344179
What are the prime factors of 729177866?
2, 41, 127, 70019
What are the prime factors of 163751094?
2, 3, 13, 699791
List the prime factors of 28030060.
2, 5, 41, 34183
List the prime factors of 7038856.
2, 11, 79987
What are the prime factors of 140009285?
5, 13, 2153989
What are the prime factors of 158396903?
7, 359, 63031
List the prime factors of 42656212.
2, 10664053
What are the prime factors of 343443377?
383, 896719
What are the prime factors of 763171972?
2, 401, 475793
List the prime factors of 289549985.
5, 947, 61151
What are the prime factors of 218604277?
53, 4124609
What are the prime factors of 1204160987?
107, 431, 26111
List the prime factors of 207312267.
3, 853, 81013
What are the prime factors of 1016354827?
59, 277, 62189
List the prime factors of 43469064.
2, 3, 67, 9011
List the prime factors of 29940014.
2, 13, 191, 6029
What are the prime factors of 468649728?
2, 3, 107, 1901
List the prime factors of 2227921681.
739, 3014779
List the prime factors of 133298164.
2, 4877, 6833
What are the prime factors of 33797372?
2, 7, 149, 8101
List the prime factors of 30853832.
2, 3856729
What are the prime factors of 356726667?
3, 11, 43, 251393
List the prime factors of 4101138280.
2, 5, 23, 4457759
List the prime factors of 1991878212.
2, 3, 181, 439, 2089
List the prime factors of 17131358.
2, 41, 59, 3541
What are the prime factors of 997086498?
2, 3, 257, 646619
What are the prime factors of 450133234?
2, 225066617
What are the prime factors of 8025806941?
353, 22735997
What are the prime factors of 91284943?
347, 503, 523
List the prime factors of 1538497652.
2, 1091, 352543
List the prime factors of 131626825.
5, 11, 53, 821
List the prime factors of 30298495.
5, 181, 33479
What are the prime factors of 44912321?
44912321
What are the prime factors of 866408320?
2, 5, 1353763
What are the prime factors of 4869440597?
7, 83, 2347, 3571
List the prime factors of 23250537.
3, 861131
What are the prime factors of 108303976?
2, 11, 1230727
List the prime factors of 86817132.
2, 3, 2411587
What are the prime factors of 757515440?
2, 5, 11, 860813
What are the prime factors of 124857649?
7, 67, 266221
List 